.
54
Let h(m) = -2*m**2 - 9*m + 3. Give h(-7).
-32
Let f(w) = -2*w**2 - 4*w - 3. Give f(-2).
-3
Let a(g) = -g**3 - 5*g**2 + 26*g + 122. Determine a(-6).
2
Let a(k) = -19*k**2 + k - 1. Calculate a(1).
-19
Let g(m) = m**2 - 2*m - 9. Give g(5).
6
Let p(n) = n**3 + 23*n**2 - 28*n - 89. Give p(-24).
7
Let j(v) = 6*v**2 + 6*v - 5. Determine j(3).
67
Let b(f) = f - 10. Give b(9).
-1
Let d(x) = -4*x**2 + 27*x - 24. What is d(7)?
-31
Let d(w) = -6*w - 28. Calculate d(0).
-28
Let s(q) = 23*q + 34. Determine s(-3).
-35
Let r(c) = c**2 + c + 1. Calculate r(-3).
7
Let k(l) = 9*l + 3. Determine k(-1).
-6
Let w(r) = r**2 + 17*r + 22. Determine w(-16).
6
Let u(c) = -7*c**2 - 2*c - 3. Give u(-2).
-27
Let a(w) = -2*w + 2. Give a(-11).
24
Let g(t) = t**2 + 3*t + 3. What is g(-2)?
1
Let l(n) = -n**3 - 5*n**2 - 3*n - 1. Calculate l(-3).
-10
Let c(p) = -68*p + 49. Calculate c(1).
-19
Let i(w) = w**3 - 2*w**2 + w + 2. Give i(2).
4
Let i(o) = 3*o**2 + 7*o - 72. Determine i(7).
124
Let z(s) = -5*s - 2. Give z(2).
-12
Let b(o) = 2*o**3 - 2*o**2 - 2*o + 1. What is b(2)?
5
Let z(b) = -5*b - 3. Calculate z(-2).
7
Let t(n) = -n**3 - 8*n**2 - 3*n + 3. Calculate t(-8).
27
Let v(l) = 56*l**2 - 4*l - 2. What is v(-1)?
58
Let a(p) = 2*p**2 + 28*p + 29. Calculate a(-14).
29
Let u(c) = -c - 11. Determine u(-5).
-6
Let c(u) = -3*u + 23. Give c(7).
2
Let r(t) = -t**3 + 12*t**2 + 14*t - 14. What is r(13)?
-1
Let i(t) = t**3 - 2*t**2 - t - 6. Calculate i(3).
0
Let q(h) = -21*h + 196. Determine q(9).
7
Let d(j) = -j**3 - 3*j**2 + j. Determine d(-4).
12
Let u(d) = 2*d**2 + 36*d - 23. Determine u(-20).
57
Let y(r) = -r**3 - 8*r**2 + 18*r - 13. Give y(-10).
7
Let o(u) = 2*u**2 + 58*u - 129. Give o(-31).
-5
Let v(x) = -x**3 + 4*x**2 + 5*x + 8. Give v(6).
-34
Let r(o) = 5*o**2 - o - 3. Determine r(-2).
19
Let q(c) = -c**2 - 10*c - 17. Determine q(-5).
8
Let z(j) = -2*j**2 - j + 1. What is z(-5)?
-44
Let c(v) = 2*v**2 - 17*v + 18. Calculate c(7).
-3
Let x(i) = 6*i + 94. Determine x(-15).
4
Let k(g) = g**2 - 16*g + 21. What is k(12)?
-27
Let d(c) = 5*c - 141. Calculate d(20).
-41
Let m(w) = w**2 + 2*w + 3. Calculate m(3).
18
Let k(p) = -2*p**2 + 16*p - 29. Determine k(6).
-5
Let u(x) = -x**3 - 5*x**2 + 23*x + 5. What is u(-7)?
-58
Let m(b) = 4*b + 152. What is m(-32)?
24
Let c(h) = -h**3 + 6*h**2 + 7*h + 1. Determine c(7).
1
Let u(v) = -v**2 - 11*v + 25. Determine u(-11).
25
Let o(g) = -g**2 - 10*g - 22. Calculate o(-7).
-1
Let a(l) = -4*l - 38. Determine a(-13).
14
Let l(a) = -a**3 - 20*a**2 + 20*a - 27. Give l(-21).
-6
Let o(d) = 22*d - 19. Determine o(4).
69
Let y(r) = 14*r - 509. Calculate y(36).
-5
Let b(p) = 2*p**3 + 18*p**2 + 4*p + 9. Calculate b(-8).
105
Let a(f) = -2*f**3 - 2*f**2 + 22*f + 22. What is a(-1)?
0
Let n(b) = b**2 + 8*b + 1. What is n(-4)?
-15
Let x(r) = r**3 + 8*r**2 + 11*r - 10. Give x(-6).
-4
Let s(a) = a**3 - 28*a**2 + 52*a + 2. What is s(26)?
2
Let x(t) = -t**2 + 3. What is x(6)?
-33
Let q(h) = 10*h - 79. What is q(13)?
51
Let q(v) = -v**3 + 22*v**2 - 17*v - 69. Determine q(21).
15
Let f(z) = 14*z**2 + 2*z + 5. Calculate f(-2).
57
Let k(o) = -4*o + 21. Calculate k(-9).
57
Let p(w) = 2*w**2 + 31*w - 666. Calculate p(12).
-6
Let g(z) = -z**2 + 6*z - 4. Calculate g(2).
4
Let y(x) = x**2 + 7*x + 7. What is y(-7)?
7
Let c(d) = d**3 + 7*d**2 - 11*d - 13. What is c(-9)?
-76
Let h(m) = -m**3 - 7*m**2 - 2*m - 8. Calculate h(-6).
-32
Let b(d) = 15*d + 74. Give b(-7).
-31
Let i(z) = z**3 + 15*z**2 - 17*z + 10. Determine i(-16).
26
Let w(p) = 11*p - 33. Give w(3).
0
Let r(p) = p**3 + 3*p**2 + 9*p - 3. Calculate r(-4).
-55
Let g(c) = -9*c - 3. Determine g(5).
-48
Let v(r) = 2*r**2 - 52*r. Calculate v(26).
0
Let l(m) = 2*m**2 - 6*m + 2. Calculate l(8).
82
Let m(u) = u**3 - 11*u**2 + 11*u - 7. Give m(10).
3
Let j(u) = -2*u**2 - 29*u + 14. Determine j(-15).
-1
Let a(s) = -s**3 - 12*s**2 + 14. What is a(-12)?
14
Let x(a) = -a**3 - 3*a**2 + 4*a - 3. Give x(-5).
27
Let y(x) = -x**3 - 5*x**2 - 7. What is y(-5)?
-7
Let n(z) = -2*z**2 + 9*z + 1. What is n(5)?
-4
Let i(p) = -p + 49. Give i(43).
6
Let x(p) = -5*p**2 - 2*p + 3. Calculate x(3).
-48
Let o(u) = u**3 - 13*u**2 - u + 11. Calculate o(13).
-2
Let w(q) = -q**3 - 14*q**2 + 12*q - 41. Determine w(-15).
4
Let b(z) = z**3 + 8*z**2 + 9*z + 6. What is b(-5)?
36
Let b(y) = -2*y. What is b(4)?
-8
Let i(p) = p**3 + 9*p**2 + 8*p - 1. Determine i(-8).
-1
Let l(o) = 2*o**3 + 3*o**2 + o. What is l(-2)?
-6
Let r(f) = -2*f**2 - 11*f - 11. Determine r(-5).
-6
Let q(h) = -h - 65. Determine q(-27).
-38
Let b(f) = -9*f - 21. Determine b(0).
-21
Let f(m) = -m**2 - 23*m - 32. What is f(-22)?
-10
Let a(y) = 5*y**3 - 3*y**2 + 4*y - 5. What is a(2)?
31
Let j(g) = -g**3 + 9*g**2 - 10*g + 5. Give j(7).
33
Let o(m) = m**3 + 11*m**2 - 13*m + 14. Calculate o(-12).
26
Let l(t) = -t**2 - 12*t - 7. What is l(-5)?
28
Let j(q) = q + 8. Calculate j(0).
8
Let n(y) = -3*y - 106. Determine n(-37).
5
Let g(f) = 13*f**3 + f**2 + f. Determine g(-1).
-13
Let i(p) = -76*p**3 + 1. What is i(1)?
-75
Let b(k) = -k**3 + 6*k**2 - k + 6. Determine b(7).
-50
Let k(d) = d**2 + 7*d - 4. Determine k(-7).
-4
Let c(q) = -q**2 - 2*q + 20. Give c(-6).
-4
Let c(r) = 2*r**2 - 4*r + 1. Give c(4).
17
Let x(y) = -y**3 + 13*y**2 - 14*y + 29. Calculate x(12).
5
Let m(k) = -k**2 - 26*k - 101. Determine m(-21).
4
Let j(t) = -t**2 - 13*t + 2. Determine j(-13).
2
Let d(w) = 61*w**2 + 2*w - 1. What is d(1)?
62
Let d(u) = -u**2 - 6*u - 4. Give d(-6).
-4
Let z(p) = -11*p + 2. What is z(2)?
-20
Let k(m) = -m**3 - 5*m**2 + 14*m + 5. Determine k(-7).
5
Let f(h) = -28*h + 19. Calculate f(3).
-65
Let j(x) = -x**3 + 10*x**2 - 9*x - 10. Give j(9).
-10
Let h(s) = s - 16. What is h(0)?
-16
Let m(p) = -11*p**2 + p - 3. Give m(-2).
-49
Let v(m) = -6*m + 51. Determine v(10).
-9
Let f(m) = -m**2 + 8*m + 5. Calculate f(8).
5
Let x(b) = 9*b + 110. What is x(-12)?
2
Let c(q) = -q**2 - 3*q + 30. Calculate c(-7).
2
Let o(k) = -k**3 + k**2 - 5. Determine o(-3).
31
Let r(j) = j**2 + 11*j - 8. Give r(-14).
34
Let o(l) = -l**3 + 18*l**2 + 20*l - 26. Determine o(19).
-7
Let h(r) = 13*r - 52. Determine h(-11).
-195
Let y(o) = 9*o - 151. Determine y(16).
-7
Let w(o) = -o**3 - 24*o**2 - 22*o + 23. Determine w(-23).
0
Let j(p) = -p**3 + 39*p**2 - p + 68. Calculate j(39).
29
Let d(f) = -3*f**2 + 51*f - 35. Determine d(17).
-35
Let d(j) = j**2 - 9*j - 5. Calculate d(7).
-19
Let w(s) = 16*s + 155. Determine w(-10).
-5
Let b(l) = -11*l + 6. What is b(7)?
-71
Let o(m) = -16*m + 12. What is o(1)?
-4
Let p(m) = 6*m - 7. Give p(-5).
-37
Let d(y) = 3*y**2 + 7*y - 5. Determine d(2).
21
Let o(d) = d**2 - 7*d + 1. Determine o(6).
-5
Let d(p) = p**3 + 8*p**2 - 8*p + 16. Give d(-9).
7
Let w(g) = 3*g**2 + 6*g - 5. Determine w(1).
4
Let k(c) = 2*c**2 - 2*c - 1. Calculate k(-2).
11
Let r(f) = -5*f + 9. Determine r(6).
-21
Let n(m) = m**3 + 9*m**2 - 17*m - 15. Determine n(-11).
-70
Let o(i) = -i**2 - 4*i. Give o(3).
-21
Let j(i) = -i**3 + 4*i**2 - 3*i - 8. Give j(5).
-48
Let m(a) = 2*a - 20. Calculate m(15).
10
Let u(x) = -2*x**2 + 27*x + 11. Give u(14).
-3
Let d(h) = -15*h + 11. Determine d(0).
11
Let q(h) = 6*h - 13. Give q(4).
11
Let b(i) = i**3 + 12*i**2 + 7. Calculate b(-12).
7
Let u(k) = 11*k - 7. What is u(1)?
4
Let s(h) = h**2 + 15*h + 10. Give s(-15).
10
Let q(g) = -6*g. What is q(-2)?
12
Let p(n) = 6*n**2 - 3*n - 7. What is p(4)?
77
Let q(t) = t - 17. Give q(-5).
-22
Let v(c) = 7*c + 4. Determine v(2).
18
Let n(t) = 2*t**2 + 20*t + 1. Calculate n(-10).
1
Let b(t) = -7*t + 226. Give b(32).
2
Let b(s) = -3*s**2 + 5*s + 37. Calculate b(-6).
-101
Let p(f) = f**3 - 8*f**2 - 2*f + 16. Give p(8).
0
Let r(w) = -3*w**2 + 17*w + 7. Determine r(6).
1
Let f(h) = h**2 - 17*h - 13. Give f(18).
5
Let a(o) = 5*o + 10. Give a(-6).
-20
Let u(z) = -2*z - 42. What is u(-13)?
-16
Let g(t) = -t**2 - 3*t + 4. Determine g(-5).
-6
Let w(z) = 11*z + 25. What is w(-6)?
-41
Let o(i) = -i + 20. What is o(0)?
20
Let y(j) = -j**3 - 10*j**2 + 75*j + 9. Calculate y(-15).
9
Let h(u) = -u + 17. Determine h(6).
11
Let s(z) = -z - 13. Give s(-20).
7
Let l(r) = r**3 - 6*r**2 + 2*r - 2. What is l(6)?
10
Let p(n) = -2*n**2 + 23*n - 6. Calculate p(10).
24
Let r(f) = -f**2 - 7*f - 13. Determine r(-2).
-3
Let f(x) = x - 3. What is f(2)?
-1
Let w(j) = j**3 - 5*j**2 - 3*j + 